*x - 22. Let b(t) = -t - 1. Let r(p) = 6*b(p) - f(p). Let n(v) = v + 11. Let w(m) = 7*n(m) - 5*r(m). What is the units digit of w(-4)?
9
Suppose 2*z = 0, 4*o + 5*z - 4*z = 208. What is the units digit of o?
2
Suppose -6*v = -2*v, -6 = -3*d + 5*v. Suppose 4*c + d*i - 6 = 0, 0 = -4*i - 3 - 1. Suppose c = -2*q + 6. What is the units digit of q?
2
Let t(a) = -a**3 - 5*a**2 - 7*a - 6. Let r be (-6)/(-9) - 16/(-12). Suppose r*d - 8 = -4*s, 24 = -2*d + 3*s + s. What is the units digit of t(d)?
6
Let j(v) = -v**3 + 8*v**2 - v + 10. Let q be 20 + 2/2 + -2. Suppose -5 - q = -3*s. What is the units digit of j(s)?
2
Let k(m) = -m**3 + 4*m**2 + 10*m + 5. What is the units digit of k(-4)?
3
What is the units digit of (-4 + -3 + 47)/1?
0
What is the units digit of (-50)/36*-38 + 2/9?
3
Let m = -41 - -8. What is the units digit of 1 - (3 - -1) - m?
0
What is the tens digit of ((-80)/6)/((-4)/12)?
4
Suppose -3*p + 515 = 2*t, -3*t + 406 = 2*p - 364. What is the units digit of t?
6
Suppose 5*a - 4 = 16. Let j = -4 + a. Suppose -3*b - b + 32 = j. What is the units digit of b?
8
Let t(v) = 4*v**2 - 1. Let d = 0 + -1. Let z = 0 + d. What is the units digit of t(z)?
3
Suppose -71*g = -75*g + 836. What is the units digit of g?
9
Let w(y) = y**3 + 8*y**2 - 9*y + 7. Suppose 21 = 4*n + 1. Let m = n - 14. What is the units digit of w(m)?
7
Let j(i) = -i**3 - 14*i**2 + 4*i + 9. What is the tens digit of j(-15)?
7
Let t(s) = 2*s - 94*s**2 + 95*s**2 + 15 + 8*s. What is the units digit of t(-11)?
6
Let c(x) = x - 1. Let l be c(5). Suppose -45 = -l*t - t + 5*w, 5*w + 5 = -3*t. What is the units digit of 1/((t - 2)/3)?
1
Suppose 5*x = 3*z - 3 + 1, 0 = -5*x - 3*z + 22. Suppose -x*g - g + 75 = 0. What is the units digit of g?
5
Suppose -2*d = 3*z - 28, 0 = z - 3*z. Suppose 1 = 3*f - d. Suppose -f*u + 30 + 0 = 0. What is the units digit of u?
6
Let x = -7 + 48. What is the tens digit of x?
4
Let g(k) = -k**2 + 7*k + 7. Let c be g(6). Let h = c + -3. What is the units digit of h?
0
Let g = -316 + 451. What is the hundreds digit of g?
1
What is the tens digit of 3/18*4 + 182/6?
3
Let b(s) = 2*s - 6. Let d be b(5). Let r(y) = d + y + 13 - 5. What is the units digit of r(-10)?
2
Let n(f) = -6*f - 12. What is the units digit of n(-6)?
4
Let k = -56 + 25. Let j = 54 + k. What is the units digit of j?
3
Let q = -7 - -55. What is the units digit of q?
8
Let i(t) = -t. Let b be i(2). Let m be b/(33/15 + -2). Let h = 3 - m. What is the tens digit of h?
1
Let t = -8 - -3. Let y = 17 - t. What is the tens digit of y?
2
What is the units digit of 1045/11 - 0/2?
5
Let m = 189 - 54. What is the tens digit of m?
3
Suppose -10 = -3*h + 92. Suppose -5 = -3*v + h. What is the tens digit of v?
1
Let q(f) = -3 + 5 - 3 + 5*f. What is the tens digit of q(3)?
1
Let d(w) = w**2 - 4*w. Let i be d(4). Suppose -3 = -i*y + y. What is the units digit of ((-2)/y)/(1/3)?
2
Let x be 272/12 + 6/(-9). Suppose -3*h = 4*z + h - 16, 5*z - x = -3*h. What is the units digit of z?
5
Let s(r) = r**2 + 8*r + 3. What is the tens digit of s(-10)?
2
Let a = 49 - 15. What is the units digit of a?
4
Let u = 12 - 19. Let m(w) = -w**3 - 7*w**2 + 6. Let p be m(u). Let c = p - -5. What is the tens digit of c?
1
Let l = -8 + 53. What is the tens digit of l?
4
Suppose -3*w - 9 = 0, -3*w = 3*r - 7*w - 429. What is the hundreds digit of r?
1
Let b(g) = -g**2 + 5*g - 3. Suppose 2 = 2*i - t - t, 0 = -3*i + t + 5. Let l be 9/i - 3/6. What is the units digit of b(l)?
1
Let f(h) be the second derivative of -h + 0 + 3*h**2 - 7/6*h**3 - 1/12*h**4. What is the units digit of f(-7)?
6
Let h(q) = 6*q**2 + 8*q + 3. What is the hundreds digit of h(-5)?
1
Suppose -2*y = -q - y + 4, -q - 3*y + 12 = 0. Let x be 2/q - (-44)/12. Suppose 40 = x*v + 4*u, -2*u + 4*u + 10 = 4*v. What is the units digit of v?
5
Suppose 6*v = -152 + 1250. What is the hundreds digit of v?
1
Let v be (-3)/(-2*2/12). Suppose 5*j = v*j - 16. Suppose -4*s = j*l - 32, 2*s + 1 = -3*l + 12. What is the units digit of s?
3
Suppose n - 11 + 2 = 3*f, -f - 16 = 4*n. What is the units digit of (6/f)/((-27)/342)?
9
Let o(n) = -n**2 + 14*n + 13. What is the tens digit of o(12)?
3
Suppose 141 = 2*m + m + 3*c, -4 = 2*c. What is the tens digit of m?
4
Let m be (-1)/((-10)/(-6) - 2). Let s = m + -2. What is the units digit of s?
1
Let v(p) be the third derivative of 1/3*p**4 + 0 + p**2 - p**3 + 0*p + 1/120*p**6 - 1/10*p**5. What is the units digit of v(5)?
9
Let g(l) = -41*l. Let f = -21 + 20. What is the units digit of g(f)?
1
Let h(v) = -4*v + 2. Let z(f) = f - 1. Let m(u) = h(u) + 2*z(u). What is the units digit of m(-2)?
4
Suppose 4*n + 15 + 1 = -5*w, -5*w + 4 = -n. Let o be 56/4 - (-1 - w). Let c = o + -4. What is the tens digit of c?
1
Let d = 6 + -1. Suppose -5*n - 13 = -y, -d*y - 5*n + 60 + 5 = 0. What is the units digit of y?
3
Let l(q) = q**3 - 7*q**2 + q - 5. Let i be l(7). Let k be i + (1 - 3) - 2. What is the units digit of 4/2 - (k - 1)?
5
Suppose 54*r + 22 = 55*r. What is the tens digit of r?
2
Suppose n - 2*s - 141 = 0, -2*n = n - 2*s - 411. What is the units digit of n?
5
Suppose -1 = 2*u - 25. Let w = u - 8. What is the units digit of w?
4
Let r(b) = b**3 - 5*b**2 + 3*b + 4. Let i = -9 + 14. What is the units digit of r(i)?
9
Let o = 24 - 7. What is the units digit of o?
7
Let t be 105/(-14)*8/(-3). Suppose -d + t = 3*d - 5*c, -2*d - c - 4 = 0. Suppose -4*r - 5*i + 59 = 0, 41 = r - d*i - 4*i. What is the units digit of r?
1
What is the units digit of (1 - -3) + -2 + 112 + -1?
3
Suppose -100 = -5*j - 0*j. What is the units digit of j?
0
Let q = 6 - 3. Suppose 2*b - 7*b + 61 = 3*m, 0 = -q*m + 3*b + 21. What is the tens digit of m?
1
Let p(b) = b**3 - 6*b**2 - 6*b - 2. Let n be p(7). Suppose -16 = i - n*i. Suppose 5*d - i - 6 = 0. What is the units digit of d?
2
Suppose 5*c + g = 2*g + 5, 0 = -g. Suppose -9 + c = -k. What is the units digit of k?
8
Suppose -575 = -4*p - 91. What is the hundreds digit of p?
1
Let c = 4 + -8. What is the units digit of c*(0 - (-2)/(-4))?
2
Let a(m) = 3*m**2 - 4. Let k be a(-5). Suppose f + 3*f = -3*y + 49, 0 = -2*y + 5*f + k. What is the units digit of y?
3
Suppose 4*j = -1 + 185. What is the tens digit of j?
4
Suppose 0 = d - 22 - 5. Suppose f - 4*f = 5*b - d, 5*f = 2*b - 17. What is the units digit of b?
6
Let m be (-2)/(-6)*(48 + 3). Suppose 4*h - 22 = v + 2*v, 3*h - 2*v - m = 0. What is the units digit of h?
7
Suppose -44 = -4*w - 0*w. Let u = w - 4. Let c(h) = h - 1. What is the units digit of c(u)?
6
Suppose -8 = -3*s + 2*s. Let a = s - -8. Suppose -4*x + a - 4 = 0. What is the units digit of x?
3
What is the units digit of 98 + -1 - 1/(5/15)?
4
Let m = 18 - 10. What is the units digit of -3*(-2 - m/6)?
0
Suppose -7*b = -2*b - 3*a + 235, -4*b - 220 = 4*a. Let q = 80 + b. What is the tens digit of q?
3
Let s(o) = 5*o + 1. Let k be s(1). Let w be ((-21)/2)/((-1)/(-2)). What is the units digit of k/w - (-32)/14?
2
Suppose 20 = 5*j - 20. Suppose z - 38 = j. Suppose 5*d - z = -0*d - 4*v, -v = 3*d - 22. What is the units digit of d?
6
Let l(a) = 0*a**2 + 0*a**2 + a - 3*a**2 - a**3 - 1. Suppose 70 - 62 = -2*i. What is the units digit of l(i)?
1
Let i(a) = a**2 + 2*a + 1. Let s(h) = h - 10. Let d be s(8). What is the units digit of i(d)?
1
Suppose t - 4*m = -8*m - 7, -3*t + 21 = -2*m. Suppose 2*v = t*v - 45. What is the tens digit of v?
1
Let p(t) = -8*t + 5. Let n(b) = b. Let w(i) = -5*n(i) - p(i). What is the tens digit of w(5)?
1
Suppose 0 = 5*m - 5, 2*w - 5*w - m + 7 = 0. Let x(b) = b**3 + 3*b**2 - 2*b - 6. Let u be x(-3). Suppose w = -u*p + p. What is the units digit of p?
2
Let v(x) = -x**3 + 8*x**2 - x + 9. Let p be -1*(-1 + 2) - -11. Let m = p + -2. What is the units digit of v(m)?
1
Suppose 0 = -3*b + 5 + 1. Suppose -2*m + b*k = m - 23, -28 = -4*m + 4*k. What is the units digit of m?
9
What is the tens digit of 16 + (-3)/(-6)*8?
2
Let r(w) = w**3 - 10*w**2 - 8*w - 2. What is the tens digit of r(11)?
3
Suppose -4*v = 5*a - 97, -4*a - 1 - 51 = -4*v. What is the units digit of v?
8
Suppose 4*m = 2*y + 22, -3*m - 2*y = m - 18. Suppose 2*o + m*d - 25 = 0, 5*o = 3*d - 2*d + 49. What is the tens digit of o?
1
Let c(q) = -q**3 + 4*q. Let x be c(-3). Let o = x - 2. What is the tens digit of o?
1
Let o(k) = 4*k - 1. Suppose 21 = n + x + 3*x, 8 